igit of n?
4
Let f be (1 + -6)/(14/490). Let x be (-4)/(-18) - f/63. Suppose -16 + 130 = x*z + 5*h, -28 = -z - 5*h. What is the units digit of z?
3
Let j = 4997 + -1929. What is the thousands digit of j?
3
Let w be (-1 + -2)/((-12)/7940*-5). Let f(m) = -7*m**3 - 4*m + 1. Let y be f(3). Let n = y - w. What is the units digit of n?
7
What is the tens digit of (13439/(-2))/(11/(-22))?
3
Let o(g) be the third derivative of -g**6/120 + 9*g**5/20 + 7*g**4/24 - 11*g**3/3 + 53*g**2. What is the tens digit of o(27)?
6
What is the thousands digit of (-16880)/(2 - ((-135)/6)/(-9))?
3
Let y be (-4 - 9/(-2))*4. Suppose 5*w = -y*h - h + 2426, -1942 = -4*w - 3*h. What is the hundreds digit of w?
4
What is the tens digit of (590/(-8))/((-535)/151940)?
4
Suppose 1622*a - 1846*a = -9976960. What is the hundreds digit of a?
5
Suppose 0 = -2*i - 107 + 159. Suppose -4*x + 3030 = i*x. What is the tens digit of x?
0
Suppose -4*b = -4*u - 69504, 0 = -3*b + 2*u + 20866 + 31256. What is the thousands digit of b?
7
Let i(o) = 749*o - 1297. What is the thousands digit of i(42)?
0
Suppose 38*r = -35*r + 15727 + 52966. What is the tens digit of r?
4
Let u(i) = 3*i**2 + 27*i - 6. Let j be (216/(-60))/((-4)/10). Suppose -j = o - 0*o + 4*n, 0 = -5*o - 4*n - 61. What is the units digit of u(o)?
0
Let k(n) = -n - 13. Let c(l) = -2*l - 14. Let b(g) = 4*c(g) - 5*k(g). Suppose -18*j - 694 = -460. What is the tens digit of b(j)?
4
Suppose -3*z - 25*b + 29*b + 15754 = 0, -2*z + 4*b + 10500 = 0. What is the thousands digit of z?
5
Suppose 5*g = 2*x + 104, g - 3*x - 106 = -4*g. What is the tens digit of g/20*10/1?
1
What is the tens digit of 5/15*4*2070/40?
6
Let m be -1*(-1 + 4 + -3)*-1. Suppose -2*f - 2*o + 804 = -m*f, -2*f + 799 = o. What is the hundreds digit of f?
3
Let s = 950 + -1470. Let l = s + 920. What is the units digit of l?
0
Let f(o) = 864*o**2 + 1650*o - 46. What is the hundreds digit of f(-10)?
8
Let v be (13/(325/(-1910)))/(2/(-30)). What is the tens digit of v*(54/(-12))/(-9)?
7
Suppose 0 = 19*c - 165879 - 109621. What is the hundreds digit of c?
5
What is the tens digit of (-14 - (-61672)/39)*(0 - -3)?
0
Let w be -408*(3/6 - 1)*2. Let d(j) = j**2 + 14*j + 53. Let v be d(-7). Suppose -w = -v*m + 6*i - 4*i, 111 = m - 5*i. What is the tens digit of m?
0
Let o(t) = -6*t - 1. Let x = -198 + 191. What is the units digit of o(x)?
1
Let t = 3078 - 1375. Suppose 0 = 5*c + 4*v - 1699, -19*v + 22*v = -5*c + t. What is the units digit of c?
3
Suppose -2 = k, -k = 2*d - 0*d + 70. Let f = d + 164. Let l = -70 + f. What is the units digit of l?
0
Let j(z) = -114*z - 421. What is the hundreds digit of j(-10)?
7
Let m(v) = 3*v**3 - 2*v**2 + 13*v + 8. Let a(h) = -h**3 + 40*h**2 - 37*h - 71. Let d be a(39). What is the hundreds digit of m(d)?
0
Let s be 21/7 + 1/1. Let x be s/34 - (-98)/34. Suppose -3*z + 2*p = -4, -2*z + 0*z = x*p - 20. What is the units digit of z?
4
Let z(s) = s**2 - 5*s - 30. Let r be z(10). Suppose -r = -26*d + 24*d. What is the tens digit of 24/d*7/(42/40)?
1
Suppose 62*v - 341330 = 4*v. What is the tens digit of v?
8
Let f(o) = 461*o + 34 + o**2 - 231*o - 240*o. What is the tens digit of f(10)?
3
Let r(x) = 2*x**2 + 8*x + 9. Suppose -10*v = 24*v + 170. What is the units digit of r(v)?
9
What is the units digit of (28405/(-38))/((-46)/(-12) - 4)?
5
Suppose 6*v + 210 = 2*x + 2*v, 0 = -5*v - 25. Suppose 6*c - g + 223 = 2*c, 3*c - 3*g + 156 = 0. Let p = c + x. What is the tens digit of p?
3
Let r = 50 + -45. Suppose 0 = -5*v - m + 597, 2*v - r*m = -3*m + 246. Suppose -5*q - v = -8*q. What is the units digit of q?
0
Let s(j) = 13*j + 18. Let a be s(-9). Let d = -101 - a. What is the hundreds digit of (d - -5) + 15*16?
2
Suppose -2080 = 1881*v - 1883*v. Let b = 65 + v. What is the hundreds digit of b?
1
Let n(u) = 18*u**3 - 7*u**2 + 10*u + 1. Let b be n(6). Let r = b - 2398. What is the hundreds digit of r?
2
Let s(n) = -2*n**2 - 8*n + 14. Let i be s(-5). Suppose -1160 = i*j - 2976. What is the units digit of j?
4
Let g = -19398 + 37013. What is the units digit of g?
5
Let o(h) = -8 - 2*h**3 + 3*h + 41*h**2 - 28*h**2 - 26*h**2. Let n be o(-7). Suppose 0 = -x - 3*t - 2*t + 280, 0 = -4*t - n. What is the units digit of x?
5
Suppose -38*j - 89*j + 1281811 = 0. What is the thousands digit of j?
0
Suppose -180*f + 3682588 = -29*f. What is the tens digit of f?
8
Let w(r) = r**3 - 5*r**2 + r + 11. Let d be w(4). Let v be (-1462)/51*(-3)/d. Let h = -34 - v. What is the tens digit of h?
5
What is the hundreds digit of (0 + -897)/(21/(-105))?
4
Suppose -55 = 5*m + 3*l + 9, 0 = -5*m + 4*l - 78. Let r(h) = -h**3 - 14*h**2 + 2*h + 25. Let n be r(m). Let x(i) = -7*i - 1. What is the tens digit of x(n)?
2
Suppose 4 = -5*o - 1, -3*w + o + 193 = 0. Suppose a + w = 232. What is the units digit of a?
8
Let o(g) = 171*g**3 + 96*g**3 - 72*g**3. What is the units digit of o(1)?
5
Let g(r) = 75*r**2 - 16*r + 7. Let l be g(4). Let q = -599 + l. What is the units digit of q?
4
Let u = 286 + -282. Suppose 510 = 2*q - 4*i, -27 = -u*q - 2*i + 1033. What is the units digit of q?
3
Let v be 8/(-3)*(-645)/10. Let w = v + -163. What is the units digit of w?
9
Let y be 741/38 + (-6)/(-4). Suppose 0 = -29*z + y*z + 5488. What is the hundreds digit of z?
6
What is the hundreds digit of (10 - -15 - 23)/((-1)/(-862))?
7
Let l(a) = -3*a**3 - 235*a**2 + 242*a - 363. What is the thousands digit of l(-81)?
2
Let c = 73 + 583. Let l = c - 253. What is the hundreds digit of l?
4
Let n be (14100/(-125))/(6/(-20)). Let i = n - -41. What is the hundreds digit of i?
4
Let h(n) = 98*n**3 + n**2 + 3*n - 2. Let k(x) = 0*x + 5*x**3 + 11*x**2 - 4*x**3 + 9*x + 12 - 8*x. Let z be k(-11). What is the hundreds digit of h(z)?
1
Suppose -213 - 237 = -2*u. Let y be 654/4*(-176)/(-264). Let n = u - y. What is the units digit of n?
6
Let z = -8670 - -13957. Suppose 1778 = -11*x + z. What is the hundreds digit of x?
3
Let r(u) = -8*u**3 + 3*u**2 - 2*u + 1. Let i be r(1). Let o(t) = -4*t**3 + 3*t**2 - 4*t - 20. What is the units digit of o(i)?
6
Suppose 16*m + 4797 = -1779. Let y = 835 + m. What is the hundreds digit of y?
4
Let f = 915 + -1528. Let v = 1072 + f. What is the hundreds digit of v?
4
Let i be (-4)/(-10)*(5 + -2 + 7). Suppose -29 + 1 = i*h. Let p = 41 - h. What is the tens digit of p?
4
Let s(w) = 1980*w + 994. What is the units digit of s(13)?
4
Let r(b) = -b**3 + 13*b**2 - 158*b + 1182. Let o be r(8). Suppose -4*m - w - 365 = 198, -2*m - 5*w - 277 = 0. Let x = m + o. What is the units digit of x?
7
Suppose 9882180 = 119*l + 61*l. What is the units digit of l?
1
Let f(b) be the first derivative of -25*b**2/2 - 5*b - 6. Suppose -9 = -2*d - 15. What is the units digit of f(d)?
0
Suppose -15*h + 18*h - 3225 = 0. Suppose -s + 3*s = g - 229, -5*g - 4*s = -h. What is the hundreds digit of g?
2
Let h be 12/54 + (-10)/45. Let a be 298*(3/(-2))/(-3). Suppose 12*v - a - 391 = h. What is the units digit of v?
5
Let q(u) = -u**2 - 25*u + 54. Let i be q(-24). Let l = 115 - i. Let w = l - 6. What is the units digit of w?
1
Suppose -20*q + 35433 = 4*q - 89583. What is the thousands digit of q?
5
Suppose 23*q - 8 = 21*q. Suppose -4*y + 554 = 14*p - 12*p, 2*y + q*p - 292 = 0. What is the units digit of y?
6
Let p(w) = -7*w**3 + 8*w**2 - w + 3. Suppose -2*l - 2*g - 2 = -3*g, -2*g = 3*l + 17. What is the tens digit of p(l)?
6
Suppose 221 = -y + 1278. Suppose -4*p + 4645 = -5*f, 4*f - y = -p + 99. What is the thousands digit of p?
1
Let d = 466 - 1328. Let u be d/9 - 8/36. Let r = 186 + u. What is the units digit of r?
0
Suppose 3*a - 213744 = -5*u, -96*a + 4*u = -92*a - 285024. What is the tens digit of a?
5
Let w(n) = -2*n**2 - 40*n + 1. Let a = 92 + -190. Let o = a + 80. What is the tens digit of w(o)?
7
Let v = 1613 + -2673. What is the units digit of v/(-6)*(6 + (-270)/75)?
4
What is the hundreds digit of (-1)/(((-17)/374)/(35485/10))?
0
What is the units digit of 13566/(-12)*6*2/6*-1?
1
Let p(y) = -y**3 + 18*y**2 - 47*y - 711. What is the ten thousands digit of p(-24)?
2
Let w(c) = -c**3 - 7*c**2 - 7*c - 4. Suppose 0 = -4*j + 5*f - 47 + 3, 4*f + 8 = -4*j. Let d be w(j). Suppose 3*v - 510 = -d*v. What is the units digit of v?
2
Let s be (-7)/(-21)*21 + (2 - 5). What is the thousands digit of (-5 + -36)*s/(4/(-39))?
1
Let d 